highest common factor of 507 and 53836809?
507
Calculate the greatest common factor of 379069 and 17422.
281
What is the greatest common divisor of 1740 and 35235580?
580
Calculate the greatest common divisor of 604860 and 930.
30
What is the highest common factor of 175000 and 90?
10
What is the greatest common divisor of 25883 and 14742299?
143
What is the greatest common divisor of 30294673 and 1985?
397
Calculate the greatest common factor of 336663 and 554112.
333
Calculate the greatest common factor of 509741076 and 156.
156
What is the greatest common factor of 94690 and 41310?
170
What is the greatest common factor of 664 and 205590004?
332
What is the greatest common factor of 774984 and 756?
84
Calculate the highest common factor of 52256 and 1053440.
32
What is the highest common divisor of 49729592 and 1276?
44
What is the highest common divisor of 992 and 35517723?
31
Calculate the greatest common divisor of 42 and 19326.
6
Calculate the greatest common factor of 62020 and 650020.
140
What is the greatest common divisor of 1394466074 and 1366?
1366
What is the greatest common divisor of 19308883 and 1672?
209
What is the greatest common divisor of 3393059 and 13589?
127
Calculate the greatest common divisor of 802 and 724479883.
401
What is the highest common divisor of 665810 and 1946?
278
Calculate the highest common divisor of 2409682 and 1870.
374
Calculate the highest common divisor of 27608760 and 420.
60
Calculate the highest common factor of 154 and 125711817.
77
Calculate the greatest common factor of 5842059 and 6872.
859
What is the greatest common divisor of 727296 and 37632?
768
What is the highest common divisor of 173149249 and 7?
7
Calculate the highest common factor of 7370 and 70195565.
3685
What is the highest common factor of 266351195 and 55?
55
What is the highest common divisor of 533043880 and 120?
40
Calculate the highest common factor of 18179 and 39004.
49
What is the highest common divisor of 200010 and 84960?
1770
Calculate the greatest common divisor of 96202 and 17746.
934
What is the highest common divisor of 8756823 and 10569?
813
What is the highest common factor of 330 and 141545415?
165
Calculate the highest common factor of 45156 and 116388.
636
Calculate the greatest common factor of 2283752 and 8.
8
Calculate the greatest common divisor of 12315976 and 20294.
146
What is the highest common divisor of 1374224 and 22?
2
What is the highest common divisor of 3339 and 53316039?
1113
What is the highest common factor of 633866 and 1082238?
1138
What is the greatest common divisor of 1410171 and 5830?
53
Calculate the highest common factor of 5067 and 2592667359.
5067
What is the greatest common factor of 120 and 777735?
15
Calculate the highest common divisor of 17265 and 786133.
1151
Calculate the highest common divisor of 26106 and 4404586.
458
What is the highest common factor of 302 and 559555264?
302
Calculate the greatest common divisor of 4763513 and 68689.
461
What is the greatest common divisor of 804500 and 471437?
1609
What is the highest common divisor of 1482699 and 5115?
93
Calculate the highest common divisor of 46 and 9835053.
23
Calculate the highest common divisor of 132846417 and 99.
99
Calculate the greatest common factor of 1055 and 41137193.
211
What is the highest common factor of 286 and 666861?
13
What is the greatest common factor of 2821 and 7622251?
91
What is the highest common divisor of 12605756 and 12?
4
What is the highest common divisor of 1207885 and 245?
35
Calculate the greatest common factor of 2915 and 36154480.
265
Calculate the greatest common divisor of 9659294 and 8066.
74
Calculate the highest common divisor of 64207773 and 9.
9
Calculate the highest common divisor of 68079 and 12969.
33
What is the highest common factor of 31730 and 3999650?
1670
Calculate the highest common divisor of 1897672 and 28.
28
Calculate the greatest common factor of 108 and 6766335.
27
Calculate the highest common divisor of 40 and 3341689160.
40
Calculate the highest common factor of 47604 and 1602.
6
Calculate the greatest common divisor of 1760 and 132320.
160
Calculate the highest common divisor of 1617287446 and 1838.
1838
What is the greatest common factor of 9219 and 3638432?
3073
What is the greatest common factor of 2068 and 31732?
4
Calculate the highest common factor of 16427635 and 9660.
805
What is the greatest common divisor of 40705457 and 13?
13
What is the highest common divisor of 40852 and 16772?
28
Calculate the highest common divisor of 26532664 and 519.
173
What is the highest common factor of 2448 and 1386537?
51
Calculate the highest common factor of 55 and 2805781.
11
What is the highest common factor of 534464 and 784?
112
Calculate the greatest common divisor of 52690 and 165211890.
4790
What is the greatest common factor of 3040 and 1520?
1520
What is the greatest common divisor of 1502318 and 374614?
3862
Calculate the highest common factor of 147492 and 40120.
68
What is the highest common factor of 617057 and 4112?
257
What is the highest common factor of 52824 and 8198796?
852
Calculate the greatest common factor of 57575874 and 1194.
1194
What is the highest common factor of 78721576 and 5192?
472
What is the greatest common factor of 35469 and 46799375?
3941
Calculate the greatest common factor of 184 and 8488808.
8
Calculate the highest common factor of 21200 and 9247440.
4240
Calculate the greatest common factor of 70 and 3406952.
2
Calculate the highest common factor of 4594381 and 11.
11
Calculate the highest common factor of 94274488 and 132.
44
Calculate the greatest common factor of 1090 and 32658035.
545
What is the greatest common divisor of 2562857 and 297?
11
What is the highest common factor of 69538 and 1526?
14
What is the greatest common factor of 1435 and 11608863?
287
What is the highest common divisor of 2178 and 10576731?
363
Calculate the greatest common divisor of 285918 and 2934.
6
What is the highest common factor of 15759545 and 565?
565
What is the greatest common divisor of 1020 and 203124?
12
What is the greatest common divisor of 21 and 1992545289?
21
Calculate the highest common factor of 104 and 8630518.
26
What is the greatest common divisor of 9620455 and 10?
5
Calculate the greatest common divisor of 15090 and 42770090.
5030
What is the highest common factor of 1169102546 and 34?
34
Calculate the highest common divisor of 15 and 4913385.
15
Calculate the greatest common factor of 15128 and 270072.
248
What is the greatest common divisor of 130 and 936718?
2
What is the greatest common divisor of 525838923 and 36?
9
What is the highest common factor of 381 and 132730621?
127
What is the highest common divisor of 3652420 and 2480?
620
Calculate the highest common factor of 2809280364 and 6168.
3084
What is the highest common divisor of 74247140 and 660?
220
Calculate the highest common factor of 1055 and 44349457.
211
What is the highest common divisor of 132526 and 3482660?
3082
What is the highest common divisor of 33 and 22453347?
3
Calculate the highest common divisor of 45055 and 18455.
5
Calculate the greatest common factor of 109088 and 985201.
3409
What is the highest common factor of 206085 and 191950?
55
Calculate the highest common factor of 9988447 and 286868.
2473
What is the greatest common divisor of 408 and 492228?
12
What is the highest common divisor of 1159928 and 79893?
2959
What is the highest common factor of 117187924 and 13216?
1652
Calculate the highest common divisor of 3645 and 13812363.
729
What is the greatest common divisor of 19818 and 5150358?
54
Calculate the greatest common divisor of 1530 and 13151115.
765
Calculate the greatest common divisor of 2374522 and 4.
2
Calculate the greatest common factor of 4115 and 81.
1
Calculate the greatest common factor of 3424129 and 1253957.
3593
Calculate the greatest common divisor of 574245 and 1432878.
5469
Calculate the highest common divisor of 3248250 and 4047.
213
What is the greatest common divisor of 955707 and 4?
1
What is the highest common factor of 63 and 5652717?
21
Calculate the greatest common factor of 343168866 and 2748.
1374
What is the highest common factor of 479234 and 36?
2
What is the highest common factor of 116